ided by 37?
32
Suppose 11*l + 26 = 92. Let w = 98 - 39. Calculate the remainder when w is divided by 76/l + (-6)/9.
11
What is the remainder when 136 is divided by ((-52)/(-6))/((-54)/(-405))?
6
Let u(z) = -50*z + 4062. Calculate the remainder when u(19) is divided by 9.
7
Let v = -9 - -9. Suppose 4*p - 6*m + 8*m = 72, p - m - 24 = v. What is the remainder when p is divided by 9?
2
Suppose -2*u - 172 = -4*p, -121*p - 2*u = -122*p + 31. Let x(c) = 6*c**2 + 8*c - 6. Calculate the remainder when x(-7) is divided by p.
44
Suppose 3*a - 4*b - 2002 = 3670, -a = -3*b - 1899. What is the remainder when a is divided by 5?
4
Let o(g) = -g**2 - 89*g + 1622. Let a = 22 + 5. Calculate the remainder when o(-104) is divided by a.
8
Let g(l) = -l + 37. Let y be g(-12). Suppose -8*u + y = -223. Let c = u - 6. Calculate the remainder when c is divided by 5.
3
Suppose -2*m + 1234 = 5*m - 1202. What is the remainder when m is divided by 23?
3
Let y(f) = 36*f - 15. Let i(b) be the first derivative of 9*b**2 - 7*b - 21. Let n(r) = -11*i(r) + 6*y(r). Calculate the remainder when n(6) is divided by 24.
23
Let a = -134 + 156. Calculate the remainder when 43 is divided by 0 + (a - 0) + 7 + -4.
18
Let c(z) = z**3 + 12*z**2 - 27. Let y = -63 - -52. Calculate the remainder when c(y) is divided by 19.
18
Suppose -2*m + 2412 = -10*d, 4154 + 742 = 4*m + 4*d. What is the remainder when m is divided by 12?
9
Let o(l) = l**2 - 57*l + 280. Calculate the remainder when 12990 is divided by o(56).
222
What is the remainder when (-84)/60*(-70)/49 - (1 - 392) is divided by 45?
33
Let z(k) = -k**3 + 28*k**2 - 2*k + 313. Calculate the remainder when z(0) is divided by 149.
15
Suppose 0 = -5*y - 4*o + 144, -3*o + 38 = -y + 82. Calculate the remainder when 698 is divided by y.
26
Suppose y + 2*x - 84 = 0, 4*x = -3*y + 185 + 61. Suppose 4*c + 27 - 135 = 0. Calculate the remainder when y is divided by c.
24
Let j be 6 + -2 + (-16)/(9 + -5). Suppose 5*t = b - 13, -4*b + j*t = -t - 109. Calculate the remainder when b is divided by 4.
0
Let h be (-2)/(-2)*(-3 - -2). Let o(g) = g**2 - 1489*g - 10443. Calculate the remainder when o(-7) is divided by 10 + (1 - (-1 - h)).
7
Suppose 3*a = a + 8. Suppose r + a*u + u = 16, -5*r + 34 = 2*u. Calculate the remainder when (6/(-5))/((-3)/70) is divided by r.
4
Calculate the remainder when (1 - -4)*10962/870 is divided by ((-2)/(-6))/((-4)/(-24)).
1
Let m be 5848/18 + 9/81. Suppose 5*i + m = 350. Suppose 15 = 2*j - 13. Calculate the remainder when j is divided by i.
4
Suppose l - 85 = -2*z + 62, 0 = z + 2*l - 81. Calculate the remainder when (3/(-2))/(3/z)*-2 is divided by 12.
11
Let b = 471 - 423. Calculate the remainder when -5 + 546/(0 + 6) is divided by b.
38
Suppose -40*h + 1476 = -3084. Calculate the remainder when 6493 is divided by h.
109
Suppose -99*h + 1566 = -1998. Calculate the remainder when 356 is divided by h.
32
Let r = 5493 + -5101. Calculate the remainder when r is divided by 168.
56
Suppose 4*q + 3*z = 614, -23*z = 4*q - 18*z - 618. Let a(f) = f**2 - 7*f - 8. What is the remainder when q is divided by a(10)?
20
Let t(c) = c**3 - 15*c**2 - 14*c - 39. Let g be t(16). What is the remainder when -2 - (12 + g + -148) is divided by 53?
35
Let c be (-3*1)/(3*(-4)/104). Suppose m = -7 + c. Let a(s) = 35*s**2. Calculate the remainder when a(-1) is divided by m.
16
Calculate the remainder when 127 is divided by (92/(-10))/((-128)/320).
12
Suppose 7 + 7 = 3*b - 4*d, -5*b + 4*d = -18. What is the remainder when -15*10/30 - -11 is divided by b?
0
Let g(h) = 3*h**2 - 178*h + 273. What is the remainder when g(61) is divided by 61?
29
Suppose 0 = -12*x + 9*x + 36. Let t = -868 + 1309. Calculate the remainder when t is divided by x.
9
Suppose 25*x + 1218 - 1518 = 0. What is the remainder when 307 is divided by x?
7
Let g be 1/(55/(-105) + (-6)/(-9)). Suppose -5*t = -4*n + g, -3*n - 3*t + 18 = -21. What is the remainder when 48 is divided by n?
0
Calculate the remainder when ((-382)/(-6))/((-4)/(-12)) is divided by (1012/(-230))/(66/(-120)).
7
Let c(d) = 1876*d**3 + d**2 + 13*d - 16. Calculate the remainder when c(1) is divided by 209.
202
Calculate the remainder when 1754 is divided by 7/((-14)/18) - (-7 - 22).
14
Let p(g) = 332*g - 8. Let x be p(-1). Let z = -306 - x. What is the remainder when 65 is divided by z?
31
Let o(d) = 2*d**2 - 34*d - 41. Let w be o(18). Let r(z) = -16*z + 129. Calculate the remainder when r(w) is divided by 71.
67
Let s(l) = l**3 - 41*l**2 + 81*l + 1301. Calculate the remainder when 1 - -1 - (-122)/2 is divided by s(38).
16
Suppose -6*j - 5 - 1 = 0. Let w be j - -2 - -2 - 1. Suppose -a - 3*l + 7 + 32 = 0, w*l + 29 = a. What is the remainder when a is divided by 17?
16
Let o be (7/((-14)/75))/(2/(-12)). Suppose 2*y = -5*t - 3*y + o, -3*t + 4*y = -128. What is the remainder when 261 is divided by t?
41
Suppose -1304 = -91*l - 30. Suppose 258 + 566 = 4*p. What is the remainder when p is divided by l?
10
Let l(r) = r + 4. Suppose k - 12 = 5*x - 3*x, -30 = -5*k + 4*x. Suppose -11 = k*s - 3*s. Calculate the remainder when l(s) is divided by 6.
3
Suppose 14*d - 3135 = 13175. What is the remainder when d is divided by 116?
5
Let h(f) = 1 - 8 + 429*f - 26 - 435*f + f**2. Calculate the remainder when h(-5) is divided by 8.
6
Suppose v + 5*l + 116 = 0, 0 = l + 3 - 5. Let w = v + 143. Calculate the remainder when 47 is divided by w.
13
Let y = 306 + -283. Suppose -559 - 16 = -y*k. What is the remainder when 172 is divided by k?
22
Let l(w) = -w**2 - 36*w - 147. What is the remainder when l(-27) is divided by 25?
21
Let h(z) = -8*z - 55. What is the remainder when (-327)/(-5 - (-136)/32) is divided by h(-16)?
71
Let d(r) = -44*r + 191. Calculate the remainder when 2698 is divided by d(4).
13
Let x(j) = j**2 - 5*j - 1. Suppose -3*k = k. Let c = k + 6. Calculate the remainder when x(8) is divided by c.
5
Let x = -81 + 182. Suppose -9*q + x + 43 = 0. What is the remainder when -79*(1/(-4) + (-27)/36) is divided by q?
15
Let n = 424 + -724. Calculate the remainder when 18/(-9) + 4 - n is divided by 102.
98
Let g be (-5710)/15 - ((-5)/(-15) + -1). Let l = 403 + g. What is the remainder when 182 is divided by l?
21
Let m = 30 + -22. Suppose 532 = -19*k + 15*k. Calculate the remainder when 57/k + (-328)/(-14) is divided by m.
7
Suppose 5*s - 256 = 4*v + 18, -6*s + 326 = -2*v. Calculate the remainder when 310 is divided by s.
40
Suppose 0*c - 424 = -12*c - 4*o, -c + 4*o = -44. What is the remainder when 459 is divided by c?
27
Suppose 12*b = 10*b. Let d(r) = r**2 + 11*r + 7. Calculate the remainder when 19 is divided by d(b).
5
Let z(d) = 1185*d - 4735. Let q be 417/(-12) + 1/(-4). Let h = 17 - q. What is the remainder when h is divided by z(4)?
2
Calculate the remainder when (0 + 1818/(-6))*(-91)/21 is divided by 47.
44
Let c be 30 - 0 - (1 - (-2 + 6)). Let w = c + -54. Let y = w + 26. What is the remainder when 13 is divided by y?
3
Suppose 15 = j - 27. Suppose 1006*u + 867*u - 1830543 = -558*u. What is the remainder when u is divided by j?
39
Suppose 207*a = 51513 + 56748. What is the remainder when a is divided by 207?
109
Suppose -119*u - 278 = -121*u - 5*l, 0 = 2*u + l - 278. Calculate the remainder when u is divided by 87.
52
Let x be (-11)/(-385)*119585 + 4/14. Calculate the remainder when 130 is divided by (2/(-3))/((-34)/x).
63
Suppose -368*p + 4*q = -367*p - 1342, 5*p - 6615 = q. Calculate the remainder when p is divided by 27.
26
Let g = -11122 - -11135. Calculate the remainder when 8212 is divided by g.
9
Suppose 10*z - 599 = 1071. Calculate the remainder when 298 is divided by z.
131
Suppose f = 25*j - 26*j + 1428, -2*j + 3*f + 2886 = 0. Calculate the remainder when j is divided by 240.
234
Suppose 83 = -3*m - 2*r + 274, 4*r = -8. What is the remainder when 308 is divided by m?
48
Let r(w) = 46*w**2 - 1051*w + 8496. Calculate the remainder when r(8) is divided by 21.
8
Suppose -512*p + 4185 = -357*p. Let t(v) = v + 50. Calculate the remainder when t(0) is divided by p.
23
Suppose 10*m + 5*i = 8*m + 7208, 0 = 2*m - i - 7196. Calculate the remainder when m is divided by 20.
19
Let k = 16 + -17. Let p be (4/k)/(4/746). What is the remainder when 3/(-5) + (p/(-10) - 3) is divided by 19?
14
Let y = 843 - 825. Let v(s) = s**3 - 7*s**